ue
Is 77298203 a prime number?
True
Is 8768161 prime?
False
Is 18735323 composite?
True
Is 1139741 a composite number?
False
Is 32826553 composite?
False
Is 4349539 prime?
False
Is 151345529 a composite number?
False
Is 138177973 prime?
True
Is 1739849 composite?
True
Is 2855953 composite?
False
Is 68892731 prime?
True
Is 3875239 prime?
True
Is 27765691 prime?
True
Is 40664787 composite?
True
Is 6741731 a prime number?
False
Is 21113549 composite?
False
Is 650759 prime?
True
Is 4511347 a prime number?
False
Is 82789937 prime?
True
Is 37831637 a composite number?
False
Is 143386 a composite number?
True
Is 3059363 a prime number?
False
Is 2911263 a composite number?
True
Is 32707349 prime?
True
Is 24747361 composite?
False
Is 890381 composite?
True
Is 3045559 a composite number?
True
Is 3728787 a prime number?
False
Is 564272987 prime?
True
Is 180273371 a prime number?
True
Is 1564981 a composite number?
True
Is 4379979 prime?
False
Is 218779 a prime number?
False
Is 91865899 a prime number?
False
Is 2802526 prime?
False
Is 4839733 a composite number?
True
Is 478943 a prime number?
True
Is 37975867 composite?
False
Is 171421709 prime?
True
Is 16938397 prime?
False
Is 500209 a prime number?
True
Is 10106659 composite?
False
Is 52714661 a composite number?
False
Is 38755703 prime?
False
Is 185435 prime?
False
Is 142949 prime?
True
Is 4500329 prime?
True
Is 24070991 prime?
False
Is 9406931 prime?
False
Is 2516194 a composite number?
True
Is 102353561 prime?
True
Is 3778531 a composite number?
False
Is 3090679 prime?
True
Is 832771 a prime number?
True
Is 124561 composite?
False
Is 5829641 a prime number?
True
Is 553019 prime?
False
Is 114305 a composite number?
True
Is 49616813 a prime number?
True
Is 731371 composite?
True
Is 70011221 a prime number?
False
Is 4959833 a composite number?
False
Is 96237487 prime?
True
Is 22864837 prime?
True
Is 19551986 a composite number?
True
Is 35423435 a composite number?
True
Is 2122919 a composite number?
True
Is 16835761 a prime number?
False
Is 38148307 a composite number?
True
Is 49243379 a prime number?
True
Is 65726533 a prime number?
True
Is 604297 composite?
True
Is 3629497 prime?
False
Is 181217593 a prime number?
True
Is 4469083 composite?
False
Is 370923827 composite?
True
Is 1941151 prime?
True
Is 24962051 prime?
False
Is 12085847 a composite number?
False
Is 18990457 a composite number?
True
Is 60754261 a composite number?
False
Is 93981889 composite?
True
Is 43657843 a prime number?
False
Is 3653477 composite?
True
Is 5518811 prime?
False
Is 3255307 composite?
True
Is 1259606471 a composite number?
False
Is 113281 prime?
False
Is 13376911 a composite number?
True
Is 42083773 a composite number?
False
Is 80338939 composite?
False
Is 234643387 a composite number?
True
Is 2488513 prime?
False
Is 71481119 prime?
True
Is 10072563 prime?
False
Is 39207838 composite?
True
Is 7967387 a composite number?
True
Is 1309661 prime?
True
Is 5217449 prime?
True
Is 135413749 a prime number?
True
Is 4963547 composite?
False
Is 2670189277 a prime number?
False
Is 4368563 composite?
True
Is 579977 a composite number?
True
Is 124340981 a composite number?
False
Is 9435849 prime?
False
Is 144350387 a composite number?
True
Is 72085127 composite?
False
Is 1933579 prime?
False
Is 971071 a prime number?
False
Is 1140065 a composite number?
True
Is 376381 a prime number?
False
Is 21312979 a prime number?
True
Is 163018 a composite number?
True
Is 104881793 a prime number?
True
Is 161661803 a prime number?
True
Is 45270107 prime?
False
Is 55912199 a composite number?
True
Is 49364893 composite?
False
Is 16054991 a composite number?
False
Is 102455687 prime?
True
Is 25928237 prime?
False
Is 1004793 a prime number?
False
Is 4909007 prime?
True
Is 5124943 composite?
False
Is 42151553 composite?
False
Is 15048917 a composite number?
True
Is 40726903 a composite number?
True
Is 21476051 a prime number?
True
Is 20678291 prime?
True
Is 11410727 a prime number?
True
Is 109815049 prime?
True
Is 8888731 prime?
True
Is 90987467 prime?
True
Is 304765999 a composite number?
False
Is 301969 a prime number?
False
Is 56502659 a composite number?
False
Is 3546821 composite?
True
Is 4272409 a composite number?
False
Is 499407938 a prime number?
False
Is 55906619 a prime number?
False
Is 559939 a composite number?
False
Is 7564729 prime?
False
Is 23974043 prime?
True
Is 575401 a composite number?
False
Is 269977 a composite number?
True
Is 34014683 composite?
False
Is 18001183 a prime number?
True
Is 109538621 prime?
False
Is 21942871 a prime number?
True
Is 10354063 prime?
True
Is 6049057 a composite number?
True
Is 187550683 composite?
False
Is 962686 prime?
False
Is 749087 a prime number?
False
Is 2187065 composite?
True
Is 1304029199 composite?
True
Is 5833591 a prime number?
True
Is 318424961 a prime number?
False
Is 861313 prime?
False
Is 6444007 composite?
True
Is 14950087 a prime number?
True
Is 132690101 a composite number?
False
Is 19764721 prime?
True
Is 11580157 prime?
True
Is 102354089 composite?
False
Is 23079839 composite?
True
Is 2268691 prime?
True
Is 540974087 composite?
True
Is 11715191 composite?
True
Is 1665299 composite?
True
Is 11288087 a composite number?
True
Is 27420053 a prime number?
True
Is 9713402 composite?
True
Is 19514519 prime?
True
Is 5300447 composite?
True
Is 14845343 prime?
True
Is 30241219 a prime number?
False
Is 180440031 composite?
True
Is 2713415 composite?
True
Is 13777 composite?
True
Is 5639453 a composite number?
False
Is 6636887 prime?
True
Is 212773487 a composite number?
False
Is 21382531 prime?
True
Is 1584707 prime?
False
Is 37796621 a composite number?
False
Is 29465977 a prime number?
True
Is 251340059 prime?
False
Is 5032487 composite?
False
Is 70501163 composite?
True
Is 162829421 a composite number?
False
Is 331305466 composite?
True
Is 6417869 a composite number?
False
Is 627593 a composite number?
False
Is 730111 composite?
False
Is 9934877 prime?
True
Is 24397883 a composite number?
True
Is 421867 a prime number?
False
Is 2917919 composite?
True
Is 5065283 prime?
True
Is 5745403 a prime number?
True
Is 181483327 composite?
False
Is 188570957 a prime number?
True
Is 50110273 a composite number?
True
Is 6115337 prime?
True
Is 14511709 a prime number?
False
Is 104920174 a prime number?
False
Is 3653849 a composite number?
True
Is 8096639 composite?
True
Is 2016151 a composite number?
True
Is 11760299 composite?
False
Is 34160573 prime?
True
Is 1061546 a prime number?
False
Is 19661 composite?
False
Is 11826571 prime?
False
Is 18522157 composite?
True
Is 43111369 prime?
False
Is 35453213 prime?
True
Is 94859 a prime number?
False
Is 4210117 prime?
False
Is 1420057 prime?
True
Is 5622839 a composite number?
True
Is 79847983 a prime number?
True
Is 837961 composite?
True
Is 295001491 composite?
False
Is 15225857 composite?
False
Is 223071451 prime?
False
Is 1918139 a composite number?
True
Is 1250603 prime?
False
Is 46856119 prime?
True
Is 216491129 a prime number?
True
Is 67475147 composite?
False
Is 32520373 composite?
True
Is 907097 a prime number?
False
Is 5303293 a composite number?
False
Is 107315207 a prime number?
False
Is 307997 composite?
True
Is 13178371 prime?
True
Is 379649 prime?
True
Is 238451513 prime?
True
Is 18332021 composite?
True
Is 6437638 composite?
True
Is 15010783 a prime number?
True
Is 301349 a prime number?
True
Is 372389 composite?
True
Is 509474233 a prime number?
False
Is 12369023 a prime number?
False
Is 49152619 a prime number?
False
Is 6285161 prime?
False
Is 2255809 a prime number?
False
Is 19276073 composite?
False
Is 68633 prime?
True
Is 28783199 composite?
False
Is 159241727 composite?
True
Is 28365619 composite?
False
Is 64616105 prime?
False
Is 61615771 a prime number?
False
Is 34298137 prime?
True
Is 431461 a composite number?
True
Is 253901 prime?
True
Is 833299205 a prime number?
False
Is 319352741 a prime number?
False
Is 93626615 prime?
False
Is 163469 prime?
True
Is 1766983 a prime number?
False
Is 84588461 prime?
False
Is 18790213 a prime number?
False
Is 245541347 a prime number?
False
Is 6408659 a composite number?
True
Is 3431287 a prime number?
True
Is 5399431 prime?
True
Is 183177673 prime?
False
Is 206699 a composite number?
False
